{"version":"1.0","provider_name":"Malik Management","provider_url":"https:\/\/www.malik-management.com\/de\/","author_name":"Fredmund Malik","author_url":"https:\/\/www.malik-management.com\/de\/author\/svalentin\/","title":"Deflationsverz\u00f6gerung erster und zweiter Klasse - Malik Management","type":"rich","width":600,"height":338,"html":"<blockquote class=\"wp-embedded-content\" data-secret=\"7oMUJ6TSP7\"><a href=\"https:\/\/www.malik-management.com\/de\/deflationsverzoegerung-erster-und-zweiter-klasse\/\">Deflationsverz\u00f6gerung erster und zweiter Klasse<\/a><\/blockquote><iframe sandbox=\"allow-scripts\" security=\"restricted\" src=\"https:\/\/www.malik-management.com\/de\/deflationsverzoegerung-erster-und-zweiter-klasse\/embed\/#?secret=7oMUJ6TSP7\" width=\"600\" height=\"338\" title=\"&#8222;Deflationsverz\u00f6gerung erster und zweiter Klasse&#8220; &#8211; Malik Management\" data-secret=\"7oMUJ6TSP7\" frameborder=\"0\" marginwidth=\"0\" marginheight=\"0\" scrolling=\"no\" class=\"wp-embedded-content\"><\/iframe><script type=\"text\/javascript\">\n\/* <![CDATA[ *\/\n\/*! This file is auto-generated *\/\n!function(d,l){\"use strict\";l.querySelector&&d.addEventListener&&\"undefined\"!=typeof URL&&(d.wp=d.wp||{},d.wp.receiveEmbedMessage||(d.wp.receiveEmbedMessage=function(e){var t=e.data;if((t||t.secret||t.message||t.value)&&!\/[^a-zA-Z0-9]\/.test(t.secret)){for(var s,r,n,a=l.querySelectorAll('iframe[data-secret=\"'+t.secret+'\"]'),o=l.querySelectorAll('blockquote[data-secret=\"'+t.secret+'\"]'),c=new RegExp(\"^https?:$\",\"i\"),i=0;i<o.length;i++)o[i].style.display=\"none\";for(i=0;i<a.length;i++)s=a[i],e.source===s.contentWindow&&(s.removeAttribute(\"style\"),\"height\"===t.message?(1e3<(r=parseInt(t.value,10))?r=1e3:~~r<200&&(r=200),s.height=r):\"link\"===t.message&&(r=new URL(s.getAttribute(\"src\")),n=new URL(t.value),c.test(n.protocol))&&n.host===r.host&&l.activeElement===s&&(d.top.location.href=t.value))}},d.addEventListener(\"message\",d.wp.receiveEmbedMessage,!1),l.addEventListener(\"DOMContentLoaded\",function(){for(var e,t,s=l.querySelectorAll(\"iframe.wp-embedded-content\"),r=0;r<s.length;r++)(t=(e=s[r]).getAttribute(\"data-secret\"))||(t=Math.random().toString(36).substring(2,12),e.src+=\"#?secret=\"+t,e.setAttribute(\"data-secret\",t)),e.contentWindow.postMessage({message:\"ready\",secret:t},\"*\")},!1)))}(window,document);\n\/* ]]> *\/\n<\/script>\n","description":"zur \u00dcbersicht der Antworten &nbsp; Prof. Dr. Dr. Gunnar Heinsohn, Bremen am 05.12.2013: Preissteigerungen, die von der Eigenkapital ausl\u00f6schenden Deflation wegf\u00fchren, gibt es erster und zweiter Klasse. Wenn Unternehmenspreise durch Modernisierung verteidigt werden, wenn Produktionserweiterungen erfolgen oder gar nie zuvor gesehene Branchen entstehen, m\u00fcssen Kredite auch dann aufgenommen werden, wenn die Preise f\u00fcr neue Technologien sowie die L\u00f6hne f\u00fcr rare [...]","thumbnail_url":"https:\/\/blog.malik-management.com\/wp-content\/uploads\/2011\/12\/malik-blog-heinsohn21.jpg"}

Deflationsverzögerung erster und zweiter Klasse - Malik Management

<blockquote class="wp-embedded-content" data-secret="7oMUJ6TSP7"><a href="https://www.malik-management.com/de/deflationsverzoegerung-erster-und-zweiter-klasse/">Deflationsverzögerung erster und zweiter Klasse</a></blockquote><iframe sandbox="allow-scripts" security="restricted" src="https://www.malik-management.com/de/deflationsverzoegerung-erster-und-zweiter-klasse/embed/#?secret=7oMUJ6TSP7" width="600" height="338" title="&#8222;Deflationsverzögerung erster und zweiter Klasse&#8220; &#8211; Malik Management" data-secret="7oMUJ6TSP7" frameborder="0" marginwidth="0" marginheight="0" scrolling="no" class="wp-embedded-content"></iframe><script type="text/javascript">
/* <![CDATA[ */
/*! This file is auto-generated */
!function(d,l){"use strict";l.querySelector&&d.addEventListener&&"undefined"!=typeof URL&&(d.wp=d.wp||{},d.wp.receiveEmbedMessage||(d.wp.receiveEmbedMessage=function(e){var t=e.data;if((t||t.secret||t.message||t.value)&&!/[^a-zA-Z0-9]/.test(t.secret)){for(var s,r,n,a=l.querySelectorAll('iframe[data-secret="'+t.secret+'"]'),o=l.querySelectorAll('blockquote[data-secret="'+t.secret+'"]'),c=new RegExp("^https?:$","i"),i=0;i<o.length;i++)o[i].style.display="none";for(i=0;i<a.length;i++)s=a[i],e.source===s.contentWindow&&(s.removeAttribute("style"),"height"===t.message?(1e3<(r=parseInt(t.value,10))?r=1e3:~~r<200&&(r=200),s.height=r):"link"===t.message&&(r=new URL(s.getAttribute("src")),n=new URL(t.value),c.test(n.protocol))&&n.host===r.host&&l.activeElement===s&&(d.top.location.href=t.value))}},d.addEventListener("message",d.wp.receiveEmbedMessage,!1),l.addEventListener("DOMContentLoaded",function(){for(var e,t,s=l.querySelectorAll("iframe.wp-embedded-content"),r=0;r<s.length;r++)(t=(e=s[r]).getAttribute("data-secret"))||(t=Math.random().toString(36).substring(2,12),e.src+="#?secret="+t,e.setAttribute("data-secret",t)),e.contentWindow.postMessage({message:"ready",secret:t},"*")},!1)))}(window,document);
/* ]]> */
</script>

zur Übersicht der Antworten &nbsp; Prof. Dr. Dr. Gunnar Heinsohn, Bremen am 05.12.2013: Preissteigerungen, die von der Eigenkapital auslöschenden Deflation wegführen, gibt es erster und zweiter Klasse. Wenn Unternehmenspreise durch Modernisierung verteidigt werden, wenn Produktionserweiterungen erfolgen oder gar nie zuvor gesehene Branchen entstehen, müssen Kredite auch dann aufgenommen werden, wenn die Preise für neue Technologien sowie die Löhne für rare [...]
